{"id":1967,"date":"2024-09-20T14:47:41","date_gmt":"2024-09-20T14:47:41","guid":{"rendered":"https:\/\/medtis.ch\/?post_type=tribe_events&#038;p=1967"},"modified":"2024-10-15T18:28:00","modified_gmt":"2024-10-15T18:28:00","slug":"battle-of-onco-minds","status":"publish","type":"tribe_events","link":"https:\/\/medtis.ch\/en\/event\/battle-of-onco-minds\/","title":{"rendered":"Battle of Onco-Minds"},"content":{"rendered":"\r\n<p>Es erwarten Sie ein \u00dcberblick \u00fcber die aktuellen Studien in der Uro-Onkologie mit Fokus auf das Prostatakarzinom, sowie interdisziplin\u00e4re Diskussionen von Patientenf\u00e4llen. Diskutieren Sie mit Experten aus der Uro-Onkologie, der Urologie und der Radio-Onkologie.<\/p>\r\n\r\n\r\n\r\n<p><strong>Das erwartet Sie vor Ort<\/strong><\/p>\r\n\r\n\r\n\r\n<p>State of the Art: Ein \u00dcberblick \u00fcber die aktuellen Studien in der Uro-Onkologie aus der Perspektive der<\/p>\r\n\r\n\r\n\r\n<ul class=\"wp-block-list\">\r\n<li>Urologie<\/li>\r\n\r\n\r\n\r\n<li>Uro-Onkologie<\/li>\r\n\r\n\r\n\r\n<li>Radio-Onkologie<\/li>\r\n<\/ul>\r\n\r\n\r\n\r\n<p>Pitfalls in Uro-onkologischen Studien Interdisziplin\u00e4re Diskussionen von Patientenf\u00e4llen<\/p>\r\n\r\n<p><img fetchpriority=\"high\" decoding=\"async\" class=\"alignnone size-medium wp-image-1817\" src=\"https:\/\/medtis.ch\/wp-content\/uploads\/2024\/07\/image-18-300x210.png\" alt=\"\" width=\"300\" height=\"210\" srcset=\"https:\/\/medtis.ch\/wp-content\/uploads\/2024\/07\/image-18-300x210.png 300w, https:\/\/medtis.ch\/wp-content\/uploads\/2024\/07\/image-18-1024x716.png 1024w, https:\/\/medtis.ch\/wp-content\/uploads\/2024\/07\/image-18-768x537.png 768w, https:\/\/medtis.ch\/wp-content\/uploads\/2024\/07\/image-18-1536x1074.png 1536w, https:\/\/medtis.ch\/wp-content\/uploads\/2024\/07\/image-18-2048x1431.png 2048w, https:\/\/medtis.ch\/wp-content\/uploads\/2024\/07\/image-18-18x12.png 18w\" sizes=\"(max-width: 300px) 100vw, 300px\" \/><\/p>","protected":false},"excerpt":{"rendered":"<p>Es erwarten Sie ein \u00dcberblick \u00fcber die aktuellen Studien in der Uro-Onkologie mit Fokus auf das Prostatakarzinom, sowie interdisziplin\u00e4re Diskussionen von Patientenf\u00e4llen. Diskutieren Sie mit Experten aus der Uro-Onkologie, der [&hellip;]<\/p>\n","protected":false},"author":4,"featured_media":0,"comment_status":"closed","ping_status":"closed","template":"","meta":{"_tribe_events_status":"","_tribe_events_status_reason":"","footnotes":""},"tags":[123],"tribe_events_cat":[122],"class_list":["post-1967","tribe_events","type-tribe_events","status-publish","hentry","tag-offline-event","tribe_events_cat-oncology","cat_oncology"],"_links":{"self":[{"href":"https:\/\/medtis.ch\/en\/wp-json\/wp\/v2\/tribe_events\/1967","targetHints":{"allow":["GET"]}}],"collection":[{"href":"https:\/\/medtis.ch\/en\/wp-json\/wp\/v2\/tribe_events"}],"about":[{"href":"https:\/\/medtis.ch\/en\/wp-json\/wp\/v2\/types\/tribe_events"}],"author":[{"embeddable":true,"href":"https:\/\/medtis.ch\/en\/wp-json\/wp\/v2\/users\/4"}],"replies":[{"embeddable":true,"href":"https:\/\/medtis.ch\/en\/wp-json\/wp\/v2\/comments?post=1967"}],"version-history":[{"count":3,"href":"https:\/\/medtis.ch\/en\/wp-json\/wp\/v2\/tribe_events\/1967\/revisions"}],"predecessor-version":[{"id":2098,"href":"https:\/\/medtis.ch\/en\/wp-json\/wp\/v2\/tribe_events\/1967\/revisions\/2098"}],"wp:attachment":[{"href":"https:\/\/medtis.ch\/en\/wp-json\/wp\/v2\/media?parent=1967"}],"wp:term":[{"taxonomy":"post_tag","embeddable":true,"href":"https:\/\/medtis.ch\/en\/wp-json\/wp\/v2\/tags?post=1967"},{"taxonomy":"tribe_events_cat","embeddable":true,"href":"https:\/\/medtis.ch\/en\/wp-json\/wp\/v2\/tribe_events_cat?post=1967"}],"curies":[{"name":"wp","href":"https:\/\/api.w.org\/{rel}","templated":true}]}}

<p>Es erwarten Sie ein Überblick über die aktuellen Studien in der Uro-Onkologie mit Fokus auf das Prostatakarzinom, sowie interdisziplinäre Diskussionen von Patientenfällen. Diskutieren Sie mit Experten aus der Uro-Onkologie, der Urologie und der Radio-Onkologie.</p>



<p><strong>Das erwartet Sie vor Ort</strong></p>



<p>State of the Art: Ein Überblick über die aktuellen Studien in der Uro-Onkologie aus der Perspektive der</p>



<ul class="wp-block-list">
<li>Urologie</li>



<li>Uro-Onkologie</li>



<li>Radio-Onkologie</li>
</ul>



<p>Pitfalls in Uro-onkologischen Studien Interdisziplinäre Diskussionen von Patientenfällen</p>

<p><img fetchpriority="high" decoding="async" class="alignnone size-medium wp-image-1817" src="https://medtis.ch/wp-content/uploads/2024/07/image-18-300x210.png" alt="" width="300" height="210" srcset="https://medtis.ch/wp-content/uploads/2024/07/image-18-300x210.png 300w, https://medtis.ch/wp-content/uploads/2024/07/image-18-1024x716.png 1024w, https://medtis.ch/wp-content/uploads/2024/07/image-18-768x537.png 768w, https://medtis.ch/wp-content/uploads/2024/07/image-18-1536x1074.png 1536w, https://medtis.ch/wp-content/uploads/2024/07/image-18-2048x1431.png 2048w, https://medtis.ch/wp-content/uploads/2024/07/image-18-18x12.png 18w" sizes="(max-width: 300px) 100vw, 300px" /></p>

<p>Es erwarten Sie ein Überblick über die aktuellen Studien in der Uro-Onkologie mit Fokus auf das Prostatakarzinom, sowie interdisziplinäre Diskussionen von Patientenfällen. Diskutieren Sie mit Experten aus der Uro-Onkologie, der [&hellip;]</p>
